-36). Let h = 10 - 6. Suppose -h*y + c = -y. What is the units digit of y?
9
Let h(g) = 10*g**2 + 10*g - 26. What is the units digit of h(-8)?
4
Suppose 0 = -5*q - 217 - 198. Let p = 127 + q. What is the units digit of p?
4
Suppose 2*z - 2*m - 30 = 0, 3*m = -z - 4*z + 43. Let f be (-16)/88 + (-9)/z. Let k = f - -5. What is the units digit of k?
4
What is the tens digit of 8088/(-16)*(4 - (-14)/(-3))?
3
Suppose 0*w - 5*w + 320 = 3*r, -5*r - 2*w + 527 = 0. Suppose 0 = 3*m - 7*m + 5*o + 55, -5*m = o - r. What is the units digit of m?
0
Suppose -12 = 6*u - 2*u. Let s(t) = 7*t**2 - 3*t + 3. What is the units digit of s(u)?
5
Let z(q) = -4*q + 37. Let o be z(8). Suppose -o*f + 216 = -89. What is the tens digit of f?
6
Let h be 2590/105*(-5)/((-30)/99). Let m = -2 - 1. What is the tens digit of (1 + m)*h/(-22)?
3
Suppose -19*y - 42544 = -27*y. What is the hundreds digit of y?
3
Let y(k) = -6*k + 8. Let l(d) = -12*d - 8*d + 24 - 5*d + 6*d. Let v(f) = -3*l(f) + 8*y(f). What is the tens digit of v(6)?
4
Let g(b) = -821*b - 56. Let q be g(-7). What is the tens digit of q/35 - (-2)/5?
6
Let i(h) = 36*h. Let j = 18 + -12. Let r be ((-2)/j)/(1/(-3)). What is the units digit of i(r)?
6
Suppose -4*l = 44 + 44. Let s be 4/l + 24/11. What is the units digit of 1/s*(-40)/(-4)?
5
Let a be (1*-1)/((-10)/(-40)). Let m(l) = 3*l**2 - 5*l - 2. Let y be m(a). Suppose 0 = -4*b + 3*j + y, -5*b + 141 - 53 = -j. What is the units digit of b?
8
Suppose -12*r = -13*r + 399. What is the hundreds digit of r?
3
Let g(h) = 14*h**3 - 2*h**2 + h. Let p(q) = -q**3 - 3*q**2 - 3*q - 1. Let i be p(-2). Let k be g(i). Suppose -k = -2*l + l. What is the units digit of l?
3
Let y = 788 + -422. What is the tens digit of y?
6
Suppose -159*s + 317129 = -1666. What is the tens digit of s?
0
Suppose 3*x - 5*n + 5 = 2, 5*x = -n + 23. Suppose -c = x - 14. What is the tens digit of c?
1
Suppose 2*g = 0, 3*g = -n - g. Let i(r) = r**3 - 15*r**2 + 16*r - 21. Let k be i(14). Suppose n = 3*m - 94 + k. What is the units digit of m?
9
Let p(q) = 44*q**2 - 12*q - 89. What is the hundreds digit of p(-11)?
3
Suppose 0 = -3*k + 16 - 157. Let s = 132 + k. What is the tens digit of s?
8
Suppose 11 = -2*t + 3. Let q be 6/24 - 91/t. Suppose -2*s + q = -s. What is the units digit of s?
3
Let k(y) = 5*y**3 - 7*y**2 - 5*y. Let t(d) = 6*d**3 - 8*d**2 - 4*d + 1. Let p(g) = -5*k(g) + 4*t(g). Let q be p(-6). What is the units digit of q/6 + 20/15?
7
Let m(n) = 14*n**2 + 64*n - 718. What is the tens digit of m(19)?
5
What is the units digit of (-5 - (-4 + -1)) + (-3 - -2267)?
4
Suppose -i = -0*i - 5*s - 22, -s = 2*i - 44. Let m = 28 - i. Suppose -39 = 3*r - m*r. What is the tens digit of r?
1
Let q = -273 - -889. What is the hundreds digit of q?
6
Let f = 448 - -40. What is the hundreds digit of f?
4
Let m(z) = -5*z. Let n be m(-1). Let x(c) = -16*c**2 + 3 - 2 + c**3 - 9 + 16*c - n. What is the units digit of x(15)?
2
Suppose 4*f - 8*f + 20 = 0. Suppose 5*p - f*s = 50, -18 + 3 = -5*p - 2*s. Suppose p*y - 2*b - 86 = 0, -5*y = -0*b - b - 83. What is the units digit of y?
6
Suppose 0 = 3*t + k - 1442, -3*t - 32*k + 28*k = -1457. What is the hundreds digit of t?
4
Suppose 12 + 21 = 11*u. Suppose 2 = g, 0 = -q - u*q + 4*g + 4. What is the units digit of q?
3
Let w(i) = -2*i**3 - 7*i**2 + i - 6. Suppose 0 = -o - 3*o - 20. What is the units digit of w(o)?
4
Suppose 6 - 14 = -4*b. Suppose 5*z - 313 = z - 3*o, b*o = -z + 72. Suppose 0 = 5*c + 2*s - z + 32, -c + 10 = -3*s. What is the units digit of c?
0
Suppose v - 189 = 232. What is the units digit of v?
1
Suppose -5*u + 2612 + 4733 = 2*i, -2*u + 11012 = 3*i. What is the units digit of i?
0
Let o(k) = k**3 + 16*k**2 - 11*k - 24. What is the tens digit of o(-6)?
0
Let y(q) = 52*q**2 - 59*q - 189. What is the tens digit of y(-3)?
5
Let u(b) be the second derivative of 3*b**5/5 - b**4/12 - 4*b. What is the units digit of u(1)?
1
Let u be 5/((-2)/(-1) - 1). Let m(x) = x**3 + 3*x**2 + x. Let j be m(-2). Suppose 3*t = u*g - 19, j*t - 4*t + 4 = 0. What is the units digit of g?
5
Suppose 2*q + 8 = 0, -6*x = -x - 5*q + 60. Let b = x + 17. Suppose -p = -b - 1. What is the units digit of p?
2
Suppose 5*l = -2*n - 205, 0*n + 5*n - l + 526 = 0. Suppose -5*f - 2*x + 872 = -5*x, -351 = -2*f - x. Let w = f + n. What is the tens digit of w?
7
Suppose -6 = -4*y + 10. Let g = -1 + y. Suppose -2*n = g*o - 3*n - 39, 9 = 3*n. What is the tens digit of o?
1
Suppose 4*i + 13 = -5*k, 0 = -0*i + i - 4*k - 2. Let l be (-1)/(((-1)/1)/i). Let b = 2 - l. What is the units digit of b?
4
Let u = -12 + 14. Suppose u*g + 0*g = 152. What is the tens digit of g?
7
Suppose 6 + 3 = 3*r, -b + 6 = 3*r. Let y(h) = -2*h**3 + h**3 - 3 - 1. What is the units digit of y(b)?
3
Let d(z) = 2*z. Let n(g) = -3*g - 3. Let t be n(2). Let y be d(t). Let w = -13 - y. What is the units digit of w?
5
Let o = -478 - -2959. What is the hundreds digit of o?
4
Suppose -28*g - 1504 = -30*g. Suppose 55*v - 51*v - g = 0. What is the units digit of v?
8
Suppose 4*l = 2*b + 452, -2*b = -5*l - 35 + 599. Let v = 157 - l. What is the units digit of v?
5
Let t(f) = f**2 + 8*f - 4. Let r be t(-8). What is the tens digit of ((-3 - r) + 1)*(-118)/(-4)?
5
Let q(d) = d**2 + 4*d + 5. Let z be q(-3). Suppose -133 = -3*f - 2*u, 4*f + z*u = 166 + 8. What is the units digit of f?
1
Suppose -16*u + 14*u + 1012 = 0. What is the units digit of u?
6
Suppose 2*t = u + 7672, -3*t + 94*u - 92*u = -11509. What is the hundreds digit of t?
8
Let k = 27 - 47. Suppose -2*q = -2*w + 14 - 84, -5*w + 81 = 3*q. Let l = q - k. What is the units digit of l?
2
Let s be -1 - -6 - (-2)/2. Let d be (s + 1)/(2/4). Let c = 50 + d. What is the units digit of c?
4
Let s(m) = m**2 + 10*m + 4. Let u be s(-10). Suppose -u*i = i - 185. What is the tens digit of i?
3
Suppose -5*q + 3248 = -7*c + 5*c, -2*q + 1284 = 3*c. What is the hundreds digit of q?
6
Let r be 104/2*(-40)/(-10). Let f = -148 + r. What is the units digit of f?
0
Let z(l) = 10*l**2 - 8*l - 32. What is the hundreds digit of z(-9)?
8
Suppose -4*d - z = -5*z + 232, -4*d = -2*z + 226. Suppose 0*y + y + 2*t - 83 = 0, -5*y + 394 = 3*t. Let q = d + y. What is the tens digit of q?
2
Let p(l) be the first derivative of l**3/3 - l**2 + 4*l + 2. What is the units digit of p(8)?
2
Let g be -9 - (-4)/(-4) - 3. Let a(s) = -s**3 - 13*s**2 - s + 7. What is the tens digit of a(g)?
2
Let h = -30 + 722. Suppose 11*m - h = 7*m. What is the units digit of (-4)/(-10) - m/(-5)?
5
Suppose 6 - 130 = 4*p. Let h = p + 79. Let y = -34 + h. What is the units digit of y?
4
Suppose 2*u - 60 = -0*u. Suppose 0 = 2*b, -5*y - b + u = 3*b. Let s = -5 + y. What is the units digit of s?
1
Suppose 2*o = 4*o - 2*y - 1956, 3*y + 984 = o. What is the tens digit of o?
7
Let c be (-3 + -27 - 1)*-2. Let y = c + -38. What is the tens digit of y?
2
Let y(q) = -6*q - 7. Let k be y(-2). Suppose -k*x + 4*x = -8. What is the units digit of -9 + x - 7/(-1)?
6
Let w = 1258 - 623. What is the units digit of w?
5
Suppose -4*m - 3*f - f + 60 = 0, -3*m + 70 = -2*f. Let x = -5 + m. Suppose -k + 0*k = -x. What is the tens digit of k?
1
Suppose 23*u - 1300 = 22*u + 2*g, 6516 = 5*u - 2*g. What is the hundreds digit of u?
3
Suppose 77 + 119 = 4*x. Let z = x + -28. What is the units digit of z?
1
Suppose 6*j = -144 + 54. Suppose -2*s - 61 = t, 160 = -4*s - s - t. Let n = j - s. What is the tens digit of n?
1
Suppose -9*n + 2*n = -210. What is the tens digit of 3*-1 + (-1)/((-2)/n)?
1
Let m(i) = 29*i**2 - i. Let k be m(-1). Let f = k - 30. What is the tens digit of (f + -49)/((-5)/5)?
4
Let o be 25*(-2)/(-2) - -2. Suppose 5 = 4*q - o. Suppose 24 = 2*g - q. What is the units digit of g?
6
Suppose 26*l - 8462 = 222. What is the units digit of l?
4
Let q(f) = f**2 + 24*f - 14. What is the tens digit of q(-35)?
7
Suppose -3*p + 93 = -48. What is the units digit of p?
7
Let s(k) = 3*k**2 + 39*k - 11. Let w(g) = -g**2 - 13*g + 4. Let r(i) = -4*s(i) - 11*w(i). Let l be r(-7). What is the units digit of 3 + 3 + 1 + l?
9
Suppose r + 44 = -4*k - 4*r, -5*r = 20. Let b be k/(-7)*(-91)/(-26). What is the tens digit of 2/b - (-1010)/15?
6
Let x be 6/((-4)/30 + 44/(-120)). What is the tens digit of 132 + x/(3 + -6)?
3
Suppose 0 = -6*j + 523 + 89. Let f = 188 - j. What is the tens digit of 